= 4*a + 4*b. Let w = a + -5. Let o(g) = g**3 + g**2 - 20*g + 10. Let m be o(4). What is the greatest common factor of w and m?
10
Let y be 111 - ((-16 - -9) + 10). Calculate the highest common factor of y and 48.
12
Suppose -2*z - z + 6 = 0. Suppose 2*i = -3*i + 70. Calculate the highest common divisor of i and z.
2
Let d be (1122/(-9))/(-8 - (-132)/18). What is the greatest common divisor of 136 and d?
17
Let n(w) = 27*w - 298. Let j be n(14). What is the greatest common factor of 920 and j?
40
Suppose -3*j + 4 + 11 = 0, 3*w - 142 = j. What is the greatest common divisor of w and 441?
49
Let t(v) = -5*v + 77. Let b be t(9). Calculate the highest common factor of b and 16.
16
Suppose 5 = i + 8*m - 10*m, 0 = -2*m. Let z = i + 303. Calculate the highest common divisor of 28 and z.
28
Suppose -r + 4*b + 25 + 8 = 0, 3*b + 15 = 0. Suppose 14*h - r*h = 5. Calculate the greatest common factor of h and 1.
1
Suppose -80 = -101*a + 97*a. Let t(w) = -16*w - 2. Let m be t(9). Let v = 14 - m. What is the highest common factor of a and v?
20
Let n be 1 + (-316)/(-10) - 28/(-70). Calculate the greatest common divisor of n and 121.
11
Let l(y) = -3*y**3 + 21*y**2 - 8*y - 30. Let a be l(6). Let t be 1052/5 - 2/5. What is the highest common divisor of t and a?
30
Suppose 31*z = 147*z - 52200. Calculate the greatest common factor of 18 and z.
18
Let r = 357 + -341. What is the greatest common factor of 168 and r?
8
Suppose 0 = -0*b + 3*b. Let a be 28 - 2/(-8)*b. Let s be (-26)/(-7) - 6/(-21). What is the highest common divisor of s and a?
4
Suppose 3*b = -11 + 56. Suppose 2*m = -i + 7, -2*i + m - 3 + 2 = 0. Let v = i + b. What is the highest common factor of v and 112?
16
Suppose 31*i - 29*i + 4*v = 34, -39 = -2*i + v. Calculate the highest common divisor of i and 1216.
19
Suppose 0 = -4*m + 3*f - 2*f + 92, -4*f - 32 = -2*m. Let k = 22 - 22. Suppose k = -3*n - n + 192. Calculate the greatest common divisor of n and m.
24
Suppose 0 = 52*l + 6*l - 60088. What is the greatest common divisor of 185 and l?
37
Let w = 82 - 58. Let n = 66 - w. Calculate the greatest common factor of n and 28.
14
Suppose o + 35 = 47. Calculate the greatest common divisor of 204 and o.
12
Let a(x) = 2*x + 20. Let h(t) = t**2 + 3*t - 25. Let l be h(-8). Let q be a(l). Suppose 4*m = 5*m - 10. Calculate the greatest common divisor of q and m.
10
Let y(m) = 11*m - 2. Let h be y(3). Let s(l) = l**3 + 8*l**2 + 5. Let d be s(-4). Let q = d - h. What is the greatest common divisor of q and 57?
19
Let z = 262 - 86. Let s(h) = 8*h**2 + 2*h - 10*h**2 - 2 + h**3 + 10 - 5*h**2. Let v be s(7). Calculate the greatest common divisor of v and z.
22
Suppose 5*w = -56 + 186. Suppose w - 86 = -2*u. Suppose -14*a = -11*a - 270. What is the highest common divisor of a and u?
30
Let p = -80 - -86. Let q be -9*p/(-27) - (-53 + -1). Calculate the greatest common factor of 7 and q.
7
Let w = -49 - -67. Suppose -3*f = -5*s + 15, 4*s + f - 11 = w. What is the highest common factor of 12 and s?
6
Suppose 3*z - 21 = -5*s, 0*s = -s - z + 3. Suppose -229 = -s*m - 49. What is the greatest common divisor of m and 12?
6
Suppose -20 - 92 = 4*m. Let h be ((-42)/m)/((-6)/(-32)). What is the highest common factor of 1 and h?
1
Suppose -2*r - 2*l = -440, -2*l + 440 = 2*r - l. Suppose 27 - 21 = -3*m. Let f be m - (-21 + -3 + 2). What is the greatest common factor of r and f?
20
Let u(t) = t**3 + 39*t**2 + 34*t + 30. Let w be u(-38). Calculate the highest common divisor of w and 42.
14
Let z be 10/(-14) + (-6)/21. Let g be (-2)/(z/(3/(-6))). Let r be 20 - (g - (-1 + -2)). What is the highest common divisor of 9 and r?
9
Suppose -9*i + 84 = -2*i. Suppose -7*b + i*b - 770 = 0. Let f(c) = 7*c. Let y be f(2). Calculate the greatest common factor of y and b.
14
Suppose -d = 3*t - 5*t - 73, 2*d - t = 152. Suppose d = 6*k - 13. Calculate the greatest common divisor of k and 3.
3
Let i be (5/(5/51))/(6/4). What is the highest common factor of i and 4?
2
Let h(j) be the third derivative of j**6/120 - j**5/60 - j**4/24 - 7*j**3/6 + 39*j**2. Let v be h(5). What is the greatest common divisor of 8 and v?
8
Suppose 0 = 3*x - 3 + 12. Let n be 4 + (x - -7) + 4. Calculate the highest common factor of n and 12.
12
Let m be (-10050)/(-27) + (-4)/18. Suppose 0*u = 4*u - m. Suppose 5*i - l - 156 = 0, -10*l + 11*l + 125 = 4*i. Calculate the greatest common divisor of u and i.
31
Suppose -54*x + 59*x - 520 = 0. Suppose -9*k - 4*k + x = 0. Calculate the greatest common divisor of k and 24.
8
Let n(x) = 5*x + 79. Let a be n(19). Calculate the greatest common divisor of 6 and a.
6
Let f be (-78)/130 + (-3746)/(-10). Calculate the highest common factor of 11 and f.
11
Let f(z) = -z + 48. Let d be f(11). Suppose 10*v = 63 + d. What is the highest common divisor of v and 110?
10
Let d be 10/((-97)/(-16) + -6). Calculate the greatest common factor of 64 and d.
32
Let a = 48 - 30. What is the greatest common divisor of a and 366?
6
Let a(h) = -h + 16. Let b be a(12). Suppose 5*f = b*m + 61, 4*f + 5*m - 17 = 40. What is the greatest common divisor of f and 39?
13
Let v = 1484 - 1369. What is the greatest common factor of 10 and v?
5
Let c(y) = -y**3 + 11*y**2 - 2*y - 4. Let t be c(9). What is the greatest common factor of t and 350?
70
Let g be 312/(-30) - (-4)/10. Let t = g + 26. Let z = 136 + -128. Calculate the greatest common factor of t and z.
8
Suppose -3*i + 672 = v, 22*i + 4*v + 1137 = 27*i. What is the greatest common divisor of 50 and i?
25
Let k(f) = f**3 + 22*f**2 - 51*f - 23. Let v be k(-24). What is the highest common factor of v and 91?
7
Let s = -111 + 134. Let z(k) = 2*k**3 - 4*k**2 + 3*k - 4. Let l be z(3). Calculate the greatest common divisor of l and s.
23
Suppose -j + 3*h = -0*h - 12, 2*h = -2*j + 24. Suppose 277*d + 18 = 283*d. Calculate the highest common divisor of j and d.
3
Suppose -5 - 400 = -5*j. What is the greatest common factor of 567 and j?
81
Let k = 19 - -29. Let v(y) = 5*y + 16. Let a be 0 + 1 + (4 - 5). Let w be v(a). Calculate the highest common divisor of k and w.
16
Let i = -107 + 111. Suppose -i*c + 432 = 5*c. Calculate the highest common divisor of 72 and c.
24
Suppose -15*j = 5*j - 180. Calculate the highest common factor of j and 477.
9
Let t be (40/(-3))/(2/(-15)). Suppose -2*b = 4*d - 60, 13*b = 11*b + 3*d + 25. Calculate the greatest common factor of t and b.
20
Let w(c) = -4*c**2 - 3*c - 1. Let h be w(-2). Let k = -141 + 112. Let i = h - k. Calculate the greatest common divisor of i and 12.
6
Suppose 4*s = 4*f - 128, -188 = -5*f - 2*s - 0*s. Calculate the highest common divisor of 468 and f.
36
Let f(q) = q**2 - 30*q + 362. Let h be f(17). Calculate the highest common factor of h and 3.
3
Let q = -127 + 625. Calculate the greatest common divisor of 6 and q.
6
Let t(c) = -c - 10. Let i be t(-12). Let r be (i*12)/3 + 2 + -2. Calculate the highest common factor of r and 88.
8
Suppose 3*n - 2*n + 3*i + 1 = 0, n + 7 = -5*i. Suppose 5*j - n = -88. Let b = 23 + j. What is the highest common divisor of 7 and b?
7
Suppose -t + 10 = 4*g - 2*t, 5*t = 3*g + 1. Suppose 10 = -2*j - g*j, 5*r + 40 = 5*j. Let l be 24/r*840/(-18). Calculate the greatest common divisor of l and 16.
16
Let z = -22 - -26. Suppose 2*h + 3*h + y = 6, 0 = y + z. Calculate the greatest common factor of 16 and h.
2
Suppose 0 = 6*a - 6 - 24. Suppose 19 = a*x + 94. Let v be (12/10)/((-6)/x). Calculate the greatest common factor of 3 and v.
3
Let r be 2/1 - (-25 - 357). What is the highest common factor of r and 12?
12
Let s be 12*(1/6)/1*4. Suppose -s*b + 40 = -40. Let f be (-4)/(-14) - (-768)/7. Calculate the highest common factor of f and b.
10
Let x(d) = -d**2 - 26*d - 4. Let c be x(-13). Calculate the highest common divisor of 15 and c.
15
Let j = 20 - 3. Suppose -5*b = -13 - j. Suppose -2*h + b = -18. What is the greatest common divisor of 60 and h?
12
Suppose 0 = -3*i - 0*i + 24. Let s(f) = f**3 + 2*f**2 + 248*f + 32. Let o be s(0). Calculate the greatest common factor of o and i.
8
Let k be ((-2)/8)/(54/(-1080)). Let a(n) = n**3 - n**2 + 2*n - 1. Let r be a(1). Calculate the greatest common divisor of k and r.
1
Let x = -228 + 248. Calculate the greatest common factor of x and 200.
20
Let x = 5 - -9. Let l(r) = -11*r + 2. Let f be l(-10). What 